s of z.
13
Suppose -p = -3*c + 10, 4*c + 3*p - 10 = 6*p. Suppose 0 = -c*w + 7 + 1. List the prime factors of (35 - w)*2/6.
11
Let d(i) = -i**3 + 4*i**2 + 4*i + 2. Let x be d(5). List the prime factors of (2/(-4))/(x/72).
2, 3
Let j(h) = h + 3*h + 8 - 17. What are the prime factors of j(11)?
5, 7
Suppose 5*q + 4*g = -66, 0 = -5*q + 2*q - 5*g - 50. What are the prime factors of (75/q)/((-2)/4)?
3, 5
Let v be ((0/1)/1)/1. Let b(q) = q**2. Let g be b(0). Suppose -r + v*r + 8 = g. List the prime factors of r.
2
Let y(b) = b**2 + 47. Let h be y(0). Suppose 5*p - 122 = -h. What are the prime factors of p?
3, 5
Let o = -15 - -35. Suppose 0 = 4*l - 3*l - o. List the prime factors of l.
2, 5
Let q(d) be the third derivative of -d**4/12 - 3*d**3/2 - 2*d**2. Let z = -1 - 7. List the prime factors of q(z).
7
Let q(u) = u**2 + 5*u - 8. Let p be q(-9). What are the prime factors of (p - 3) + -1 + 5?
29
Let n = -4 + 9. Suppose -s + 3*s = -m + 61, 3*s = -n*m + 109. List the prime factors of s.
2, 7
Let a(l) = 6*l - 3. Let x be a(-3). Let u = -6 - x. What are the prime factors of u?
3, 5
Suppose 11 = -5*u + 31. Suppose -2*l = -u*l + 22. What are the prime factors of l?
11
Let y be ((-2)/(-1) - 2) + -2. Let c(f) = -f**3 - f**2 - 3*f - 2. List the prime factors of c(y).
2
Suppose -444 + 2119 = 5*h. List the prime factors of h.
5, 67
Let l(z) = -10*z + 3*z**2 - 6*z**2 - 7*z**2 - 6 + z**3. What are the prime factors of l(11)?
5
Let a(u) = 3*u - 14. Let f(w) = -4*w + 15. Let g(h) = -3*a(h) - 2*f(h). Suppose 5*n = 4*n. List the prime factors of g(n).
2, 3
Let w be (-9)/(-6) + (-2)/(-4). Suppose 0 = 2*r - 5*u - 10, w*r + 4*u + 2 = -6. Suppose -z = -3, r = -4*l + 6*l - 4*z. List the prime factors of l.
2, 3
Let j(b) = b**2 + 4*b - 1. Let z be j(-4). List the prime factors of z/3 + 603/27.
2, 11
Suppose -3*v = 8 - 65. What are the prime factors of v?
19
Let d(o) = -2*o**3 + o**2 + 4*o + 2. What are the prime factors of d(-4)?
2, 5, 13
Let x = 74 + -16. Suppose -2 - x = -5*g. Suppose 0 = -5*p + k + 2*k + g, -5*p + 5*k + 10 = 0. List the prime factors of p.
3
Suppose 5*v = -o + 14, -4 = 2*o - 3*o. Suppose -3*k - 5*m + 31 = 0, 2*m - v = m. What are the prime factors of k?
7
List the prime factors of (-102)/(-6) + 0 + 1.
2, 3
Suppose 3*t - 9*t = -270. List the prime factors of t.
3, 5
Let c(z) = 6*z**3 - 2*z**2 - 4*z - 6. What are the prime factors of c(3)?
2, 3, 7
Suppose 3*h - 3*y - 3 = 0, -6*h + h = -4*y - 8. List the prime factors of 27 + 7 + h/1.
2, 19
What are the prime factors of 2/11*-1 - 4465/(-55)?
3
Let r(w) = -10*w**3 + w. Let f be r(-1). Let t = f + -15. List the prime factors of 2*(-3)/t*7.
7
Suppose 0 = -j + 5*p - 64, 2*j + 62 = 2*p - 26. Let f = j - -72. List the prime factors of f.
3, 11
Suppose -6*y = -2*y + 24. List the prime factors of (172/6)/((-4)/y).
43
Let x = 11 - 7. Suppose -x*d + 2*q + q = -20, -d + 5 = 4*q. What are the prime factors of d?
5
Let d(w) = -w + 3. Let t be d(0). Suppose -2*a + 2*f = a + 20, 3*f = -t*a. Let k(s) = s**3 + 3*s**2 - 5*s + 2. What are the prime factors of k(a)?
2, 3
Let m = 150 + -59. What are the prime factors of m?
7, 13
Suppose -k + 2 = -0*k. Let n be (-1)/3 - k/(-6). Suppose 5*a - 2*x = 35, 3*a - 4*a + 5*x - 16 = n. List the prime factors of a.
3
Suppose -2*u - 3*u - 10 = 0. Let h = 5 - u. List the prime factors of h.
7
Suppose -7*n + 12*n - 115 = 0. List the prime factors of n.
23
Let n(o) = -2*o**2 + 12 + 14*o + o**2 - 5*o. List the prime factors of n(9).
2, 3
Suppose 0 = r + 4. Suppose 13*h - 228 = h. Let o = h + r. What are the prime factors of o?
3, 5
Let f be ((-1)/1)/((-5)/35). Suppose -f - 9 = -4*q. What are the prime factors of (-1 - 0)*(-3 - q)?
7
Suppose -k + 4*k - 189 = 0. Suppose -5*y + 42 = -k. What are the prime factors of y?
3, 7
Let g(t) = -t + 15. Let z be g(13). Suppose 0 = -5*c - 3*u + 43, -z = -u - 6. What are the prime factors of c?
11
Suppose 50 + 10 = 5*l. Suppose l = -3*r + r. Let j = r - -16. List the prime factors of j.
2, 5
Let i = 27 + -20. Suppose -i*p + w = -3*p - 198, -2*w + 4 = 0. List the prime factors of p.
2, 5
Let l be (-6)/(0 + 3)*-4. List the prime factors of (2 - (-3)/(-3)) + l.
3
Let l be ((-36)/(-42))/((-3)/(-126)). Let a(w) = w**3 - 4*w**2 - 7*w + 6. Let i be a(4). Let f = l + i. List the prime factors of f.
2, 7
Let j(o) = 0*o**2 + 4*o + 5*o**3 + 0*o**2 - 6*o**3 + 3*o**2 + 2. Let c be j(4). Suppose c*n + 9*h = 4*h + 47, -21 = -n - 2*h. What are the prime factors of n?
11
List the prime factors of 3289/(-69)*((-2 - -1) + -5).
2, 11, 13
Suppose 9*b - 70 = 4*b. What are the prime factors of b?
2, 7
Let z(f) = 21*f - 1. List the prime factors of z(5).
2, 13
Let l(c) be the second derivative of c**3/6 + 5*c**2 + c. Let d = -1 + -4. List the prime factors of l(d).
5
Let i(o) = 14*o + 2. Let d = 1 + 1. Let h be i(d). Suppose 0 = 4*n + 5*r - h, -r + 2*r + 3 = n. List the prime factors of n.
5
Let y(k) = k**3 - k**2 - k + 1. Let x be y(2). Let l be (-4 + x)/((-2)/20). Suppose 5*w - l = -5*t + 55, -4*t = w - 7. List the prime factors of w.
3, 5
Suppose -9*a + 24 = -8*a. What are the prime factors of a?
2, 3
Let g(i) = -i**2 - 15*i - 6. Let k be g(-11). Let n = k - 23. What are the prime factors of n?
3, 5
Let s = -113 - -279. What are the prime factors of s?
2, 83
Suppose 5*h + 7 + 3 = 0. What are the prime factors of 6 + -3 - h/1?
5
Let v = -21 + 34. Suppose -u + 0*z = -3*z, -4*u - z = -v. Suppose u*b = -2*b + 20. What are the prime factors of b?
2
What are the prime factors of (-20)/(((-4)/25)/((-6)/(-15)))?
2, 5
Let z(r) = 6*r**2 + 1. Let v = -11 - -10. What are the prime factors of z(v)?
7
Let d(y) = 2*y**2 - 2*y - 4. Let w be d(3). Let l be (225/12)/(2/w). Suppose 15 = m - 3*t, 0 = 5*m + t + 4*t - l. List the prime factors of m.
3, 5
Let a(c) = -1 + 1 + 7*c - 1. Let x be a(-1). List the prime factors of (-7)/(-4)*x/(-2).
7
Let z = 2 + -6. Let g = z - -4. Suppose g = -3*s + 4*s - 2. What are the prime factors of s?
2
Let p(y) = 3*y**2 - 4*y - 1. Let x = 4 - 1. List the prime factors of p(x).
2, 7
Suppose -12 = -j + 6. What are the prime factors of j?
2, 3
Let d be 3*4*94/8. Suppose 2*m = 3*p - d, 6*p - 188 = 2*p - 2*m. List the prime factors of p.
47
Let n = -6 - -9. Suppose j - 2 = n*v + 26, -4*v - 72 = -4*j. What are the prime factors of j?
13
Suppose -3*c + v + 3 = 4*v, 0 = c - 4*v - 21. Suppose -d - c*k = -k - 18, -10 = 5*d - 5*k. Let m = 3 + d. What are the prime factors of m?
5
Suppose 2*s + 2*s = 12. Suppose 3*j - 4*m - 5 = 14, 3 = -s*m. What are the prime factors of j?
5
Suppose -v - 2*f + f = 1, 0 = 3*v + 2*f + 7. Let o = 7 + v. Suppose o*y = -s - y - 13, 4*s - 28 = 4*y. List the prime factors of s.
2
Suppose 5*u = 9*u - 252. List the prime factors of u.
3, 7
Suppose -o = -2*g + 3 - 9, 4*o = -4*g - 12. What are the prime factors of o - (3 + -16)*1?
13
Let j(p) = -p + 9. Let s be j(9). Suppose q + s*q = -23. Let a = q + 34. What are the prime factors of a?
11
Let g(u) = -u**2 + 9*u + 6. Let y be g(9). Suppose -5*p = -4*x - 23, -p + y = -3*x - 3. What are the prime factors of p?
3
Suppose -8*u = -9*u + 72. What are the prime factors of u?
2, 3
Suppose -u + 2*z = -4*u + 308, -4*z + 304 = 3*u. What are the prime factors of u?
2, 13
Suppose 2*y = -3*o + 852, y - 3 = -0. What are the prime factors of o?
2, 3, 47
Let v = 474 - 193. List the prime factors of v.
281
Let t(w) = w - 3. List the prime factors of t(8).
5
Let r(a) = 3*a**3 - 3*a**2 + 2*a - 2. Let y be r(2). Let j = 8 + y. List the prime factors of j.
2, 11
Suppose -b = -5*b + 96. Let h be 2*(-2)/(-4) - 15. Let k = b + h. What are the prime factors of k?
2, 5
Let l(y) = -y**3 - 32*y**2 + 31*y + 6. List the prime factors of l(-33).
2, 3
Suppose 2*i = 7*i - 5*r - 10, -r = -2. Suppose -i*m + 2*s + 52 = 0, 0 = -s - 3 + 1. List the prime factors of m.
2, 3
Let z be (-4)/(-18) - 48/(-27). Suppose -s = -2*i - 8, -z*i - 3 = -2*s + 5. Let c = 8 + i. What are the prime factors of c?
2
Suppose 2 = -3*t - 43. List the prime factors of 5/t + 291/9.
2
Let r be (2/6)/(4/36). Suppose -2*f + 15 + r = 0. Suppose 3*t - f = 6. What are the prime factors of t?
5
Suppose -19 - 100 = -4*p - 3*r, -3*p - 2*r + 88 = 0. What are the prime factors of p?
2, 13
Suppose -395 = -2*b - 3*b. What are the prime factors of b?
79
Suppose -3*w = -44 + 